{"id":3709,"date":"2024-01-24T21:56:42","date_gmt":"2024-01-24T20:56:42","guid":{"rendered":"https:\/\/pictys.art\/?page_id=3709"},"modified":"2024-03-25T22:38:00","modified_gmt":"2024-03-25T21:38:00","slug":"elementor-3709","status":"publish","type":"page","link":"https:\/\/pictys.art\/index.php\/elementor-3709\/","title":{"rendered":"Galerie Fleurs"},"content":{"rendered":"\t\t<div data-elementor-type=\"wp-page\" data-elementor-id=\"3709\" class=\"elementor elementor-3709\">\n\t\t\t\t<div class=\"elementor-element elementor-element-735a636 e-flex e-con-boxed e-con e-parent\" data-id=\"735a636\" data-element_type=\"container\" data-e-type=\"container\">\n\t\t\t\t\t<div class=\"e-con-inner\">\n\t\t\t\t<div class=\"elementor-element elementor-element-24aebbe elementor-widget elementor-widget-button\" data-id=\"24aebbe\" data-element_type=\"widget\" data-e-type=\"widget\" id=\"RETOUR\" data-widget_type=\"button.default\">\n\t\t\t\t<div class=\"elementor-widget-container\">\n\t\t\t\t\t\t\t\t\t<div class=\"elementor-button-wrapper\">\n\t\t\t\t\t<a class=\"elementor-button elementor-button-link elementor-size-md\" href=\"#\">\n\t\t\t\t\t\t<span class=\"elementor-button-content-wrapper\">\n\t\t\t\t\t\t<span class=\"elementor-button-icon\">\n\t\t\t\t<svg aria-hidden=\"true\" class=\"e-font-icon-svg e-far-caret-square-up\" viewBox=\"0 0 448 512\" xmlns=\"http:\/\/www.w3.org\/2000\/svg\"><path d=\"M322.9 304H125.1c-10.7 0-16.1-13-8.5-20.5l98.9-98.3c4.7-4.7 12.2-4.7 16.9 0l98.9 98.3c7.7 7.5 2.3 20.5-8.4 20.5zM448 80v352c0 26.5-21.5 48-48 48H48c-26.5 0-48-21.5-48-48V80c0-26.5 21.5-48 48-48h352c26.5 0 48 21.5 48 48zm-48 346V86c0-3.3-2.7-6-6-6H54c-3.3 0-6 2.7-6 6v340c0 3.3 2.7 6 6 6h340c3.3 0 6-2.7 6-6z\"><\/path><\/svg>\t\t\t<\/span>\n\t\t\t\t\t\t\t\t\t<span class=\"elementor-button-text\">Retour<\/span>\n\t\t\t\t\t<\/span>\n\t\t\t\t\t<\/a>\n\t\t\t\t<\/div>\n\t\t\t\t\t\t\t\t<\/div>\n\t\t\t\t<\/div>\n\t\t\t\t<div class=\"elementor-element elementor-element-3606d29 elementor-widget elementor-widget-html\" data-id=\"3606d29\" data-element_type=\"widget\" data-e-type=\"widget\" data-widget_type=\"html.default\">\n\t\t\t\t<div class=\"elementor-widget-container\">\n\t\t\t\t\t<script type=\"text\/javascript\"> \n \njQuery(document).ready(function() {\n    jQuery('#RETOUR').on('click', function() {\n      window.history.go(-1); \n      return false;\n    });\n});\n \n<\/script>\t\t\t\t<\/div>\n\t\t\t\t<\/div>\n\t\t\t\t\t<\/div>\n\t\t\t\t<\/div>\n\t\t<div class=\"elementor-element elementor-element-7cda764 e-flex e-con-boxed e-con e-parent\" data-id=\"7cda764\" data-element_type=\"container\" data-e-type=\"container\">\n\t\t\t\t\t<div class=\"e-con-inner\">\n\t\t\t\t<div class=\"elementor-element elementor-element-f0cc6bb elementor-widget elementor-widget-text-editor\" data-id=\"f0cc6bb\" data-element_type=\"widget\" data-e-type=\"widget\" data-widget_type=\"text-editor.default\">\n\t\t\t\t<div class=\"elementor-widget-container\">\n\t\t\t\t\t\t\t\t\t<p><strong>Galerie &#8220;Fleurs&#8221;.<\/strong><br \/>Les fleurs peuvent laisser indiff\u00e9rent et \u00eatre ignor\u00e9es ou au contraire susciter l&#8217;\u00e9merveillement. Dans le second cas, il est tentant de sortir l&#8217;appareil photo et de traduire cette beaut\u00e9 en images.Toutefois, il est facile d&#8217;obtenir un rendu sans int\u00e9r\u00eat artistique, quelque chose qui trouve dans le meilleur des cas sa place dans un catalogue de jardinerie. Et pourtant, apr\u00e8s les peintres, bien des photographes c\u00e9l\u00e8bres se sont efforc\u00e9s de rendre justice \u00e0 la beaut\u00e9 des fleurs. Avec des intentions diff\u00e9rentes. <a href=\"https:\/\/www.imogencunningham.com\/\" target=\"_blank\" rel=\"noopener\">Imogen Cunningham<\/a> donna tr\u00e8s t\u00f4t ses lettres de noblesse \u00e0 ce genre photographique. Dans un style diff\u00e9rent et avec des intentions autres, <a href=\"https:\/\/www.mapplethorpe.org\/\" target=\"_blank\" rel=\"noopener\">Robert Mapplethorpe\u00a0<\/a> avec ses N&amp;B suggestifs sublima quelques esp\u00e8ces dont la morphologie s&#8217;accordait \u00e0 ses fantasmes.\u00a0 Pour ne citer ici que deux auteurs.<br \/>Les galeries qui suivent tentent , en N&amp;B, puis en <a href=\"https:\/\/pictys.art\/index.php\/elementor-3730\/\">couleurs<\/a> de mettre en valeur le graphisme singulier de certaines esp\u00e8ces, ou les nuances\u00a0 infinies et subtiles de teintes de ces compagnes plus ou moins famil\u00e8res de nos jardins ou de nos champs.<\/p>\t\t\t\t\t\t\t\t<\/div>\n\t\t\t\t<\/div>\n\t\t\t\t\t<\/div>\n\t\t\t\t<\/div>\n\t\t<div class=\"elementor-element elementor-element-231d963 e-grid e-con-boxed e-con e-parent\" data-id=\"231d963\" data-element_type=\"container\" data-e-type=\"container\">\n\t\t\t\t\t<div class=\"e-con-inner\">\n\t\t\t\t<div class=\"elementor-element elementor-element-6eb7117 elementor-widget elementor-widget-image\" data-id=\"6eb7117\" data-element_type=\"widget\" data-e-type=\"widget\" data-widget_type=\"image.default\">\n\t\t\t\t<div class=\"elementor-widget-container\">\n\t\t\t\t\t\t\t\t\t\t\t\t<figure class=\"wp-caption\">\n\t\t\t\t\t\t\t\t\t\t\t<a href=\"https:\/\/pictys.art\/index.php\/elementor-3966\/\">\n\t\t\t\t\t\t\t<img fetchpriority=\"high\" decoding=\"async\" width=\"1024\" height=\"1024\" src=\"https:\/\/pictys.art\/wp-content\/uploads\/2024\/01\/13-FleursNB-w-1024x1024.jpg\" class=\"attachment-large size-large wp-image-3703\" alt=\"\" srcset=\"https:\/\/pictys.art\/wp-content\/uploads\/2024\/01\/13-FleursNB-w-1024x1024.jpg 1024w, https:\/\/pictys.art\/wp-content\/uploads\/2024\/01\/13-FleursNB-w-300x300.jpg 300w, https:\/\/pictys.art\/wp-content\/uploads\/2024\/01\/13-FleursNB-w-150x150.jpg 150w, https:\/\/pictys.art\/wp-content\/uploads\/2024\/01\/13-FleursNB-w-768x768.jpg 768w, https:\/\/pictys.art\/wp-content\/uploads\/2024\/01\/13-FleursNB-w-650x650.jpg 650w, https:\/\/pictys.art\/wp-content\/uploads\/2024\/01\/13-FleursNB-w-1300x1300.jpg 1300w, https:\/\/pictys.art\/wp-content\/uploads\/2024\/01\/13-FleursNB-w.jpg 1400w\" sizes=\"(max-width: 1024px) 100vw, 1024px\" \/>\t\t\t\t\t\t\t\t<\/a>\n\t\t\t\t\t\t\t\t\t\t\t<figcaption class=\"widget-image-caption wp-caption-text\">Fleurs N&amp;B<\/figcaption>\n\t\t\t\t\t\t\t\t\t\t<\/figure>\n\t\t\t\t\t\t\t\t\t<\/div>\n\t\t\t\t<\/div>\n\t\t\t\t<div class=\"elementor-element elementor-element-3018ec9 elementor-widget elementor-widget-image\" data-id=\"3018ec9\" data-element_type=\"widget\" data-e-type=\"widget\" data-widget_type=\"image.default\">\n\t\t\t\t<div class=\"elementor-widget-container\">\n\t\t\t\t\t\t\t\t\t\t\t\t<figure class=\"wp-caption\">\n\t\t\t\t\t\t\t\t\t\t\t<a href=\"https:\/\/pictys.art\/index.php\/elementor-3730\/\">\n\t\t\t\t\t\t\t<img decoding=\"async\" width=\"1024\" height=\"1024\" src=\"https:\/\/pictys.art\/wp-content\/uploads\/2024\/02\/t8-w-1024x1024.jpg\" class=\"attachment-large size-large wp-image-3824\" alt=\"\" srcset=\"https:\/\/pictys.art\/wp-content\/uploads\/2024\/02\/t8-w-1024x1024.jpg 1024w, https:\/\/pictys.art\/wp-content\/uploads\/2024\/02\/t8-w-300x300.jpg 300w, https:\/\/pictys.art\/wp-content\/uploads\/2024\/02\/t8-w-150x150.jpg 150w, https:\/\/pictys.art\/wp-content\/uploads\/2024\/02\/t8-w-768x768.jpg 768w, https:\/\/pictys.art\/wp-content\/uploads\/2024\/02\/t8-w-650x650.jpg 650w, https:\/\/pictys.art\/wp-content\/uploads\/2024\/02\/t8-w-1300x1300.jpg 1300w, https:\/\/pictys.art\/wp-content\/uploads\/2024\/02\/t8-w.jpg 1400w\" sizes=\"(max-width: 1024px) 100vw, 1024px\" \/>\t\t\t\t\t\t\t\t<\/a>\n\t\t\t\t\t\t\t\t\t\t\t<figcaption class=\"widget-image-caption wp-caption-text\">Fleurs    -  Couleurs<\/figcaption>\n\t\t\t\t\t\t\t\t\t\t<\/figure>\n\t\t\t\t\t\t\t\t\t<\/div>\n\t\t\t\t<\/div>\n\t\t\t\t\t<\/div>\n\t\t\t\t<\/div>\n\t\t\t\t<\/div>\n\t\t","protected":false},"excerpt":{"rendered":"<p>Retour Galerie &#8220;Fleurs&#8221;.Les fleurs peuvent laisser indiff\u00e9rent et \u00eatre ignor\u00e9es ou au contraire susciter l&#8217;\u00e9merveillement. Dans le second cas, il est tentant de sortir l&#8217;appareil photo et de traduire cette [&hellip;]<\/p>\n","protected":false},"author":1,"featured_media":0,"parent":0,"menu_order":15,"comment_status":"closed","ping_status":"closed","template":"","meta":{"site-sidebar-layout":"no-sidebar","site-content-layout":"page-builder","ast-site-content-layout":"full-width-container","site-content-style":"default","site-sidebar-style":"default","ast-global-header-display":"","ast-banner-title-visibility":"","ast-main-header-display":"","ast-hfb-above-header-display":"","ast-hfb-below-header-display":"","ast-hfb-mobile-header-display":"","site-post-title":"disabled","ast-breadcrumbs-content":"","ast-featured-img":"disabled","footer-sml-layout":"","ast-disable-related-posts":"","theme-transparent-header-meta":"","adv-header-id-meta":"","stick-header-meta":"","header-above-stick-meta":"","header-main-stick-meta":"","header-below-stick-meta":"","astra-migrate-meta-layouts":"set","ast-page-background-enabled":"default","ast-page-background-meta":{"desktop":{"background-color":"","background-image":"","background-repeat":"repeat","background-position":"center center","background-size":"auto","background-attachment":"scroll","background-type":"","background-media":"","overlay-type":"","overlay-color":"","overlay-opacity":"","overlay-gradient":""},"tablet":{"background-color":"","background-image":"","background-repeat":"repeat","background-position":"center center","background-size":"auto","background-attachment":"scroll","background-type":"","background-media":"","overlay-type":"","overlay-color":"","overlay-opacity":"","overlay-gradient":""},"mobile":{"background-color":"","background-image":"","background-repeat":"repeat","background-position":"center center","background-size":"auto","background-attachment":"scroll","background-type":"","background-media":"","overlay-type":"","overlay-color":"","overlay-opacity":"","overlay-gradient":""}},"ast-content-background-meta":{"desktop":{"background-color":"var(--ast-global-color-5)","background-image":"","background-repeat":"repeat","background-position":"center center","background-size":"auto","background-attachment":"scroll","background-type":"","background-media":"","overlay-type":"","overlay-color":"","overlay-opacity":"","overlay-gradient":""},"tablet":{"background-color":"var(--ast-global-color-5)","background-image":"","background-repeat":"repeat","background-position":"center center","background-size":"auto","background-attachment":"scroll","background-type":"","background-media":"","overlay-type":"","overlay-color":"","overlay-opacity":"","overlay-gradient":""},"mobile":{"background-color":"var(--ast-global-color-5)","background-image":"","background-repeat":"repeat","background-position":"center center","background-size":"auto","background-attachment":"scroll","background-type":"","background-media":"","overlay-type":"","overlay-color":"","overlay-opacity":"","overlay-gradient":""}},"footnotes":""},"folder":[],"class_list":["post-3709","page","type-page","status-publish","hentry"],"aioseo_notices":[],"_links":{"self":[{"href":"https:\/\/pictys.art\/index.php\/wp-json\/wp\/v2\/pages\/3709","targetHints":{"allow":["GET"]}}],"collection":[{"href":"https:\/\/pictys.art\/index.php\/wp-json\/wp\/v2\/pages"}],"about":[{"href":"https:\/\/pictys.art\/index.php\/wp-json\/wp\/v2\/types\/page"}],"author":[{"embeddable":true,"href":"https:\/\/pictys.art\/index.php\/wp-json\/wp\/v2\/users\/1"}],"replies":[{"embeddable":true,"href":"https:\/\/pictys.art\/index.php\/wp-json\/wp\/v2\/comments?post=3709"}],"version-history":[{"count":38,"href":"https:\/\/pictys.art\/index.php\/wp-json\/wp\/v2\/pages\/3709\/revisions"}],"predecessor-version":[{"id":3984,"href":"https:\/\/pictys.art\/index.php\/wp-json\/wp\/v2\/pages\/3709\/revisions\/3984"}],"wp:attachment":[{"href":"https:\/\/pictys.art\/index.php\/wp-json\/wp\/v2\/media?parent=3709"}],"wp:term":[{"taxonomy":"folder","embeddable":true,"href":"https:\/\/pictys.art\/index.php\/wp-json\/wp\/v2\/folder?post=3709"}],"curies":[{"name":"wp","href":"https:\/\/api.w.org\/{rel}","templated":true}]}}